at is the highest common factor of w and 3?
1
Suppose 5*l - 7 = 3. Suppose 5*f = 5*p + 180, 0*p + 2 = -l*p. Let a = -327 + 332. What is the highest common factor of a and f?
5
Suppose 0 = -h - 2, -2*j + 8*h - 7*h + 92 = 0. What is the highest common divisor of j and 1395?
45
Let x = 161750 - 161742. Suppose -4*v - 10 - 222 = -3*t, 0 = -5*t - 3*v + 377. Let w = t - 44. What is the greatest common factor of x and w?
8
Let n(w) = -w - 10. Let v be n(-10). Let k be 3/(-3) + 15 - (1 + v). Let c be 1 + (-149)/(-3) - k/(-39). What is the greatest common factor of c and 17?
17
Suppose 8*h = 14*h - 3*d - 8055, -2*h + 2*d = -2680. What is the highest common factor of 20 and h?
5
Let f = -4527 - -4529. Let l be 239 - (0/2 + 3). What is the greatest common factor of f and l?
2
Suppose 0 = -3*n - 3*y + 4320, -2*y + 315 = 5*n - 6897. Calculate the highest common factor of n and 19.
19
Suppose 2*w + q = -80 + 392, -w = -2*q - 156. Calculate the highest common factor of 8 and w.
4
Let i(m) = 2*m**2 - 5*m - 7. Let w(r) = r + 13. Let z be w(-9). Let u be i(z). Let b = -57 + 112. What is the greatest common factor of u and b?
5
Suppose -2*v = -3*f - 138, 4*v - 201 = 2*f + 75. Calculate the greatest common divisor of 161 and v.
23
Let d be -131*(-6)/6*1. Suppose -4*v + i = -d, -5*i - 61 = -2*v - 0*i. Calculate the highest common factor of v and 33.
33
Suppose 2*a - 156 = -5*l, 4*l + 3*a = -337 + 480. Let m = 1 - 9. Let p be (1*12)/(m/(-52)). What is the greatest common divisor of l and p?
26
Let t = 1 - -6. Let v(k) = -148*k - 1318. Let q be v(-9). Calculate the highest common divisor of q and t.
7
Let n be (-2)/(1 - (-4)/(-6)). Suppose -4*w = -15 + 23, -3*o + 5*w = -100. Let l = o + n. Calculate the greatest common factor of 2 and l.
2
Suppose 4*d = -5*j + 2258, 8*j + 235 = 5*d - 2673. Calculate the greatest common divisor of 220 and d.
44
Let f(p) = 35*p + 4. Let x be f(4). Let d(y) = 52*y + 272. Let q be d(-4). What is the greatest common factor of x and q?
16
Let j(v) = 5*v**2 - 821*v - 1390. Let i be j(166). Let g = -12 - -90. Calculate the highest common divisor of i and g.
26
Let k = -66 + 70. Let y be ((-400)/(-2))/k + -5 + 3. What is the highest common divisor of y and 36?
12
Let r be 4/3*-1*18/(-8). Suppose -4*n + 183 = -n - r*f, 5*f = -15. Calculate the greatest common factor of n and 290.
58
Suppose h + 2*t - 5 = 0, -17*t = -21*t. Let l = 52 + -36. Suppose h*d + 8 = -a + 2*a, -4*d + l = 0. Calculate the greatest common divisor of a and 7.
7
Suppose -3*k + 48 = -3*n, -2*k + 5*n + 8 = -k. Suppose k*d - 22*d = 20, -d - 95 = -3*i. Calculate the greatest common factor of 540 and i.
30
Let d be (-4)/6 - (-7 + (-4310)/30). Suppose 44*u + d = 50*u. Calculate the highest common divisor of 325 and u.
25
Let v be (1 - -8) + (-46 - -49). Suppose v*q = 9*q, -3*t - q + 42 = 0. Calculate the greatest common factor of t and 133.
7
Let o be (12 - (-7716)/36)/(-2*5/(-30)). What is the greatest common factor of 1164 and o?
97
Suppose 3 = 4*x + 6 - 43. What is the highest common factor of 110 and x?
10
Let y(v) = -6*v - 82. Let u be y(-16). Let x(p) = -50*p - 142. Let a be x(-9). What is the highest common divisor of u and a?
14
Suppose m - 2*b = 863, -10*b + 6*b + 4343 = 5*m. What is the greatest common divisor of 204 and m?
51
Suppose 2663*n + 8624 = 2671*n. Calculate the greatest common divisor of n and 770.
154
Let u = 125 - 101. Suppose 25 = -3*i + 217. Calculate the greatest common factor of u and i.
8
Let v(k) = 72*k + 256. Let t be v(6). Suppose t = 2*j + 314. Calculate the highest common factor of 85 and j.
17
Suppose 28 = 5*k + 8. Let j(o) = o**2 - 20. Let b be j(-6). Calculate the greatest common divisor of b and k.
4
Let s be 1 - (-4 - (-10 - -5))/((-6)/2046). Calculate the greatest common factor of 10146 and s.
114
Suppose -75*p + 34841 = -71*p + 3*x, 3*p - 26127 = -x. What is the greatest common factor of 4 and p?
4
Let o(u) = -22*u - 5697. Let z be o(-261). Suppose -3*y - y + 297 = h, 5*y + 3*h - 366 = 0. What is the highest common divisor of z and y?
15
Suppose -19*b + 124 = d, 15*b - 17*b + 42 = 3*d. Calculate the highest common factor of d and 3130.
10
Let i(x) = -48*x - 30*x**2 - 113*x**3 + 226*x**3 - 114*x**3 + 6*x**2 - 34. Let l be i(-22). What is the highest common factor of l and 702?
54
Let a(m) = 3*m**2 - 236*m + 2213. Let b be a(9). Calculate the highest common factor of 2241 and b.
83
Let y(f) = -20*f + 246. Let z be y(-15). What is the highest common factor of 18 and z?
6
Let l = 205 + -5. Suppose -l*u = -179*u - 231. What is the highest common factor of 5 and u?
1
Let o(b) = -b**2 + 4*b - 17. Let t = -13 + 26. Let z be o(t). Let v = -92 - z. Calculate the highest common factor of v and 105.
21
Let u be 75*(-97)/(7275/(-50)). Let r be (-850)/(1 - 0 - 2). What is the highest common factor of r and u?
50
Suppose -2*l = 3*l - 15. Let f be 3 - (2 - (7 - l)). Suppose 0 = -0*a - a + f*x + 8, -2*a = 2*x - 4. Calculate the highest common divisor of a and 1.
1
Suppose 14*y + 3*a - 7973 = 12*y, 0 = 3*a - 15. What is the highest common divisor of y and 173?
173
Suppose 225*z + 182 = 238*z. Suppose 0 = 2*f + z - 132. Calculate the greatest common factor of 118 and f.
59
Let k = 168 + -165. Suppose -k*a = 5*x - 18, 1 = -2*a - 3*a + 2*x. What is the highest common factor of 31 and a?
1
Let o be 1842/7 - 162/(-189). Let q = 278 - o. Calculate the highest common factor of q and 4.
2
Suppose -4*z + 3*q = -293, 4*z - 225 = -4*q + 47. Let u = -75 + z. Let j be 6828/108 - u/(-18). What is the highest common factor of 7 and j?
7
Let r(z) = 47*z + 693. Let x be r(-14). Calculate the greatest common factor of x and 105.
35
Suppose -50*l + 21 = -43*l. Suppose 0 = -2*a - 5*p + 514, -766 = -l*a - 2*p - 3*p. What is the highest common factor of 189 and a?
63
Suppose 10*u - 132 = -12. Let i be 15/u + (297/(-12))/(-1). Suppose 0 = -4*w - 16, 3*w - 17 = -r + 10. What is the highest common factor of i and r?
13
Let m(z) = -z**3 - 30*z**2 - 86*z - 35. Let d be m(-27). What is the greatest common factor of d and 22300?
100
Let f(a) = 2*a**2 - 5*a - 14. Let q be f(6). Suppose -q*l + 26*l = -74. Let r be 2/5*(-12 + 382). Calculate the highest common factor of l and r.
37
Suppose 10179 = 28*w - 25857. Let k be -2 + -3 + w/9. What is the greatest common divisor of k and 230?
46
Let o be -23*(-7 + 2/(-1)). Let t(w) = -w**3 - 35*w**2 + 15*w - 747. Let s be t(-36). Calculate the greatest common factor of s and o.
9
Let i be 5/7*55 + (-92)/322. Let u(f) = 2*f**3 - 5*f**2 + f. Let q be u(4). Calculate the highest common divisor of i and q.
13
Let j = -1578 + 2646. Calculate the greatest common divisor of j and 12.
12
Let t be (-4)/(-8)*((-14)/(-2) + -3). Let y be -8 + ((-1)/1)/1. Let i = y - -27. What is the greatest common factor of t and i?
2
Let v be (17 - 8795)/33*(-1 - (-41)/(-2)). What is the highest common divisor of 7 and v?
7
Let f(z) = -3*z - 24. Let m be f(-8). Suppose -5*n = 2*x - 265, 5*x + m*n = 2*n + 706. Suppose j + x = 6*j. Calculate the greatest common divisor of 14 and j.
14
Suppose 60 = 5*f - 85. Suppose -2*n - 5 = -f. Let z = n + 8. What is the greatest common divisor of 8 and z?
4
Let m be 201/(-134)*(-832)/3. What is the greatest common divisor of m and 234?
26
Let r be -2*3/(-10) - ((-2546)/(-10))/(-19). Suppose 0 = -2*q - 4, -710 = -7*m + 3*m + 5*q. Calculate the highest common factor of m and r.
7
Let b = -2334 - -2498. Calculate the highest common divisor of b and 902.
82
Let m be (-300905)/(-165) - (-1 + 4/6). Suppose m = 5*l + l. What is the greatest common factor of l and 16?
16
Let l = 10 + -7. Suppose 801 = 5*r - d, 159 = l*r - 4*d - 325. What is the highest common factor of 40 and r?
40
Suppose -8*b = -0*b + 5*u - 53, -2*b + 2*u = -10. Let i = -39 + 393. What is the greatest common divisor of i and b?
6
Suppose g = 5*j - 8 + 3, -25 = 2*j + 5*g. Suppose j = 32*n - 33*n + 24. Calculate the highest common factor of n and 24.
24
Let g be (-1728)/(-1) - (69/184)/(3/16). Calculate the highest common factor of g and 2.
2
Let p(a) = 40*a**2 - 55*a + 420. Let t be p(11). What is the highest common factor of t and 95?
95
Let v be 350/(-7)*(4 + 36/(-8)). Suppose 258 = 31*p - v*p. What is the greatest common factor of 172 and p?
43
Let c be -1 + (-1 - (8 + -7